git of w?
3
Let r = 829 - -718. What is the hundreds digit of r?
5
Let d(w) = -42*w. Suppose 0 = 3*m - 2 + 8. What is the units digit of d(m)?
4
Suppose 5*w + 6*q - q = 85, -q = 2*w - 34. Let a = w - 2. What is the units digit of 3 - -2*(-3 + a)?
7
Let j = 406 - -455. What is the hundreds digit of j?
8
Suppose -10*s + 6*s = -56. Suppose 4*q - 316 = -4*z, 2*q = -z + 70 + s. What is the units digit of z?
4
Let r(f) = f**3 + 2*f + 4. Let v(s) be the first derivative of s**3/3 - s**2/2 - s + 5. Let w(z) = -r(z) - 6*v(z). What is the tens digit of w(-7)?
2
Suppose 2*n + 358 = 1010. What is the units digit of n?
6
Let k(y) be the first derivative of 5*y**2/2 - 18*y - 4. Let i be k(11). Let n = 4 + i. What is the units digit of n?
1
Suppose 5*u - q = 6774, -6*u + 8*u = -2*q + 2700. What is the hundreds digit of u?
3
Let p(l) = -119*l - 564. What is the units digit of p(-17)?
9
Let g = -18 - -13. Let h(w) = -w**3 - 3*w**2 + 5*w - 3. Let b be h(g). Suppose 4*a - 33 = -m, 0 = a + m + 2*m - b. What is the units digit of a?
7
Let u(z) = -11*z**3 + 7*z + 12. What is the units digit of u(-3)?
8
Let q be (-4)/(-14) - 4/14. Let u(z) = -3*z - 29. Let m be u(-11). What is the units digit of 1/(m/(q - -4))?
1
Suppose 2712 = 2*p + 2*z + z, -z = 2. What is the tens digit of p?
5
What is the tens digit of (124/(-20) - (-1)/5)*-1032?
9
Let v(g) = -g + 19. Let t(p) = -19. Let n(q) = -4*t(q) - 6*v(q). What is the units digit of n(14)?
6
Let x(d) = d. Let z be x(5). Suppose -5 = s - 1, 0 = 2*j - z*s - 28. Suppose -2*c + 110 = 5*m, -c = -2*c - j*m + 61. What is the tens digit of c?
4
Let a(t) = 9*t + 2. Let h(z) = 73*z + 15. Let q(k) = 51*a(k) - 6*h(k). What is the units digit of q(3)?
5
Let o be (0 - (1 + 0)) + -65. Let r = o - -46. Let k = r - -33. What is the tens digit of k?
1
Let c(m) = -3*m + 12. Let r be c(2). Let a = 125 + r. What is the units digit of a?
1
Let q(c) = 27*c + 6. Let r be q(1). Suppose u + 5 = r. What is the tens digit of u?
2
Suppose -n = i + 5 + 8, i - 5*n + 1 = 0. Let q(b) = 3*b**2 + 14*b + 5. What is the hundreds digit of q(i)?
2
Let w(j) = -j**2 - 13*j - 8. Let m(o) = 2*o**2 + 25*o + 16. Let r(x) = 6*m(x) + 11*w(x). Suppose 0*f + 35 = -5*f. What is the units digit of r(f)?
8
What is the hundreds digit of ((-675)/25)/(21/(-2443))?
1
Let i = 60 + -28. Let f = i + -9. Let h = f + -11. What is the tens digit of h?
1
Let a(h) = -h**3 + 4*h**2 + h. Let b be a(4). Suppose -5 = -n - b. Let k = n - -2. What is the units digit of k?
3
Suppose 19 = -3*r + 13. What is the hundreds digit of -1 + 4 - r/((-6)/(-807))?
2
What is the units digit of 48 - -9 - (0 - 0)?
7
Suppose -2*w = 3*x - 185 - 672, 0 = -x - 3*w + 281. What is the hundreds digit of x?
2
Let g = 47 - 41. What is the units digit of 4/g*6*(-2 + 4)?
8
Suppose 2*v + 8130 = 4*n, 0 = -n + v + 2709 - 677. What is the thousands digit of n?
2
Let l = 1564 + 504. What is the tens digit of l?
6
Let h(z) = -12*z**3 + 8*z**2 - 6*z - 6. Let t(k) = -11*k**3 + 7*k**2 - 5*k - 5. Let w(i) = -3*h(i) + 4*t(i). What is the units digit of w(-2)?
2
Suppose -49 + 208 = b. What is the units digit of b?
9
Let t(w) = 2*w**2 + 13*w + 3. Let x be t(-3). What is the units digit of (-4)/x - ((-9620)/45 + 3)?
1
Suppose 4 = -d + 6. Suppose 0 = 5*b + d*p - 33, 4*p - 22 = -4*b + 14. What is the units digit of b/(-10) + 129/2?
4
What is the hundreds digit of (360 - 7) + 6 + 0?
3
What is the units digit of ((-30)/(-105))/((-1)/(-569*7))?
8
Let l = -3 - 7. Let f = 34 + l. What is the units digit of f?
4
Suppose 0 = -5*h, 4*b + h - 3528 = 592. What is the units digit of b?
0
Let x(c) = c**2 - 19*c + 10. Let l be x(17). Let w = l + 18. What is the tens digit of w/18 + (-181)/(-3)?
6
Let b = -37 + 40. Suppose 0 = -5*u + u + b*k + 68, 5*u - 4*k - 86 = 0. What is the tens digit of u?
1
Let a(n) = -69*n - 16. What is the hundreds digit of a(-2)?
1
Let a be -4*(-4)/8*-2. Let z = 0 - a. What is the tens digit of (-15)/(0 + (-2)/z)?
3
Suppose u = 4*u - 15. Suppose 3*i + 111 = 2*k - 0*i, 2*k - u*i = 105. Suppose k = t + t. What is the units digit of t?
0
Suppose -8*r - 5 + 21 = 0. Suppose -r*k = -0*k - 166. What is the units digit of k?
3
Suppose -7*o + 5*o + 16 = 0. Let q = o + 6. Let g = q + -3. What is the units digit of g?
1
Let f(k) = k**3 - k**2 + k + 6. Let s be f(0). Let p be 9/s*(1 - -1). Let x(z) = 5*z**2. What is the units digit of x(p)?
5
Let y(k) = 2*k + 30. Let a(s) = s**2 + 8*s + 6. Let c(m) = -1. Let p(j) = -a(j) + c(j). Let h be p(-7). What is the units digit of y(h)?
0
Let d(v) = -v**3 - 5*v**2 - 2*v - 3. Suppose 0 = -2*z - 2*u - 14, z + 5*u - 13 = 4*z. What is the tens digit of d(z)?
4
Let l(u) = 9*u + 163 + 31*u - 180. What is the units digit of l(3)?
3
Let r(z) be the third derivative of 5*z**4/8 + 13*z**3/6 - 329*z**2. Let i(p) = p**3 - 7*p**2 - 7*p - 4. Let f be i(8). What is the units digit of r(f)?
3
Let i(x) = 3*x - 9. Let y(k) = -6*k + 18. Let o(t) = -7*i(t) - 4*y(t). Let r be o(-9). What is the tens digit of (-312)/r*(-6)/(-4)?
1
Let b(z) = -3*z**2 + 3*z + 6. Let k be b(-4). Let s be (-974)/(-10) + (-39)/(-65). Let a = s + k. What is the tens digit of a?
4
Let j be 3*(-4)/((-16)/(-28)). What is the hundreds digit of 90*(-4)/36*j?
2
Let z(f) = 4*f**2 + 18*f + 38. Let x be z(-8). Let v = x - 118. What is the tens digit of v?
3
Let a(x) = x**3 - 51*x**2 - 35*x + 203. What is the tens digit of a(52)?
8
Let k(y) be the third derivative of y**6/120 + 2*y**5/15 - y**4/12 + y**3/6 + 5*y**2. What is the units digit of k(-8)?
7
Let o(d) = 11*d + 19. Let s be o(-10). What is the tens digit of (-2704)/s + (-4)/(-14)?
3
Suppose 0 = -9*j - 288 - 1332. What is the units digit of 4/18 + (-6080)/j?
4
Suppose -5*b + 2*b + 26 = -5*f, -f = 5*b - 6. Suppose b*v - 520 = -3*v. Suppose -2*x + 6*x - v = 0. What is the tens digit of x?
2
Let q(f) = -f**2 - 17*f + 14. Let u = 63 - 80. What is the tens digit of q(u)?
1
Suppose 0 = a + 12 + 222. Let z = -125 - a. What is the units digit of z?
9
Suppose -15 = -j - 39. What is the hundreds digit of (-2445)/j + 3/(-72)*-3?
1
Suppose -6 = -2*o, -a - 3*a - o + 2023 = 0. What is the units digit of a?
5
Let j(i) = -i**2 - 68*i - 497. What is the hundreds digit of j(-17)?
3
Suppose -4*c - 8 = -0. Let i be (-6802)/(-95) + c/(-5). Let n = 102 - i. What is the units digit of n?
0
Let u = 3 + 0. Suppose 15 = 2*x - u*j, 4*x + 0*x - 15 = j. What is the units digit of x?
3
Suppose -15 = 3*a, 97*x + 2345 = 98*x - 5*a. What is the thousands digit of x?
2
Let p(n) = -6*n - 2*n - 15 - 3*n - n**2. What is the tens digit of p(-7)?
1
Suppose -3*r - 15 = -3*t, r + 13 = -3*t + 40. What is the units digit of 25 - 8*(1 + (-12)/t)?
9
Let i = -99 + 182. What is the units digit of i?
3
Let s = 2231 - 156. What is the tens digit of s?
7
Let v(p) = 4*p - 5. Let l(o) = -o. Let i(b) = 6*l(b) + v(b). Suppose 5*w = -4*g + 4*w - 25, 3*g + w = -19. What is the units digit of i(g)?
7
Suppose 789 = 4*t + 109. What is the hundreds digit of t?
1
Suppose -73 = -3*a + 4*r, -5*a + 5*r + 13 = -107. Let w = a + -23. Suppose w = -5*g + g + 152. What is the units digit of g?
8
Let i(q) = q**3 + 6*q**2 + 6*q + 6. Let h be i(-6). Let w be h/(-3)*(-2)/(-4). Suppose 5*j + 0*b - 176 = -b, -w*b - 170 = -5*j. What is the tens digit of j?
3
Let d(q) = 32*q**2 - 32*q + 4. What is the hundreds digit of d(5)?
6
Let n(k) = -19 - 5*k**2 + 12*k + 4*k**2 + 0*k**2. What is the units digit of n(10)?
1
Let p(v) = 9*v**2 + 4*v - 5. Let q be p(5). Suppose 0*j + 3*j = q. Suppose 0 = -0*r + 5*r - j. What is the tens digit of r?
1
Suppose 0 = 3*a - 2*p - 212, 158 = 2*a + 3*p - p. Let u = a - -129. What is the units digit of u?
3
What is the units digit of (68/(-3))/(2/(-3) - 0)?
4
Let s = 56 + -28. Suppose 2*m - s = -2*k, 2*k + 4*m = -k + 45. What is the units digit of k?
1
Let a be 1 + 1 - 4/2. Suppose 0*d - 5*d + 420 = a. Suppose 5*h = -3*g + d, 2*g = 2*h + 78 - 22. What is the units digit of g?
8
Suppose 54*b - 156685 - 17141 = 0. What is the thousands digit of b?
3
Suppose 2*x - 7560 + 2448 = 0. What is the tens digit of x?
5
Let u(a) = -a**3 + 9*a**2 - 6*a - 11. Let b be u(8). Suppose -3*x = b*y - 44, y + 0*y + 4*x - 2 = 0. What is the tens digit of y?
1
Let b(o) be the second derivative of -o**5/10 + o**4/4 + o**3/6 + 4*o**2 - 32*o. What is the unit